r?
False
Is 1757725297 a composite number?
True
Is 1428670913 composite?
True
Is 2550815259 composite?
True
Is 506248799 composite?
True
Is 2107738527 composite?
True
Is 2772800333 composite?
False
Is 107428480879 a prime number?
True
Is 20723775773 composite?
True
Is 1028443399 composite?
False
Is 2358046133 composite?
False
Is 11086097983 prime?
False
Is 8807679193 composite?
False
Is 593949691 a prime number?
True
Is 65121774733 a prime number?
True
Is 33572544961 a prime number?
False
Is 7993798287 composite?
True
Is 19668124345 prime?
False
Is 4056202453 composite?
False
Is 12746700367 a prime number?
False
Is 866716099 composite?
True
Is 980017013 a composite number?
False
Is 55830182399 a prime number?
False
Is 682460833 composite?
True
Is 778829941 prime?
False
Is 207600941 composite?
False
Is 490618439 a prime number?
True
Is 10588937759 a prime number?
False
Is 750411979 a composite number?
False
Is 260909327 a prime number?
False
Is 4363505891 composite?
True
Is 604984451 a prime number?
True
Is 8794930574 composite?
True
Is 34571881373 prime?
False
Is 42125715859 composite?
False
Is 2073773497 a composite number?
False
Is 7036399345 a prime number?
False
Is 17112010303 composite?
False
Is 912446719 a prime number?
True
Is 859001882 prime?
False
Is 28550169653 prime?
True
Is 11114515921 a prime number?
False
Is 4627424393 a prime number?
True
Is 32365652593 composite?
False
Is 712298933 a prime number?
True
Is 993241307 composite?
True
Is 32008247 a prime number?
True
Is 42638291 a composite number?
False
Is 2693288677 a composite number?
False
Is 7369129039 composite?
False
Is 57216529 composite?
True
Is 1918600027 a composite number?
False
Is 2601715159 composite?
True
Is 1391726893 a prime number?
False
Is 21354993031 composite?
False
Is 128256773 a prime number?
True
Is 12088434671 a composite number?
True
Is 32122297 a prime number?
True
Is 9412207787 composite?
False
Is 158339483641 prime?
False
Is 7713406511 a composite number?
True
Is 18115727701 a prime number?
True
Is 14084691961 composite?
True
Is 561388343 a prime number?
False
Is 3503261571 composite?
True
Is 25090617791 a composite number?
True
Is 28007724803 prime?
True
Is 176324501 a composite number?
False
Is 990944839 a composite number?
False
Is 235735963 a prime number?
True
Is 23137193459 a composite number?
True
Is 323112553 a prime number?
False
Is 883694534 prime?
False
Is 1180015523 a composite number?
False
Is 12384367823 a prime number?
True
Is 65358795921 composite?
True
Is 1677526181 a prime number?
True
Is 43590711707 composite?
False
Is 4635809917 composite?
True
Is 1029243959 composite?
True
Is 1104199333 a prime number?
True
Is 485540101 prime?
False
Is 2276718841 a prime number?
True
Is 1294430251 a composite number?
False
Is 2111242193 a prime number?
True
Is 6948177693 a prime number?
False
Is 8566253611 a composite number?
True
Is 1576332509 prime?
False
Is 91483179041 a prime number?
False
Is 1428057881 composite?
True
Is 3945245693 a prime number?
False
Is 124887513397 composite?
False
Is 52391886937 a composite number?
True
Is 3078899017 composite?
True
Is 2808143471 a prime number?
False
Is 410108327 prime?
False
Is 986074129 composite?
True
Is 42544869817 composite?
True
Is 4354733989 prime?
False
Is 20213873491 a prime number?
False
Is 2618920147 prime?
True
Is 837937801 composite?
False
Is 5541000767 prime?
True
Is 24491391059 a composite number?
False
Is 4796077667 a prime number?
False
Is 4545065417 a composite number?
True
Is 2898353687 prime?
False
Is 565551655 prime?
False
Is 12445150811 prime?
False
Is 304612079545 prime?
False
Is 53895980843 prime?
False
Is 17251496153 a prime number?
True
Is 382585095155 composite?
True
Is 229866311357 prime?
True
Is 11483995927 a prime number?
True
Is 5523215297 a composite number?
True
Is 9356524871 a composite number?
False
Is 76520014345 a composite number?
True
Is 1903993859 a prime number?
False
Is 2869710971 a composite number?
True
Is 402448957 a prime number?
False
Is 6183886147 prime?
True
Is 22879368695 composite?
True
Is 24163508513 a composite number?
False
Is 18312471953 a prime number?
False
Is 20633653091 composite?
True
Is 3783573847 a composite number?
True
Is 7305377719 a prime number?
False
Is 179460461 a composite number?
False
Is 66403417859 a composite number?
False
Is 9228018134 a prime number?
False
Is 24739366389 a prime number?
False
Is 942621391 prime?
True
Is 6816210967 a prime number?
True
Is 24268870223 a prime number?
False
Is 55241067709 a prime number?
False
Is 2421024805 composite?
True
Is 27258223 composite?
True
Is 4695238778 composite?
True
Is 20576349983 composite?
True
Is 1744065269 composite?
False
Is 5546498519 prime?
False
Is 18716557339 a composite number?
False
Is 12527219279 a composite number?
False
Is 7668852127 a prime number?
True
Is 1011859829 composite?
True
Is 991768247 a prime number?
False
Is 8124873557 a prime number?
False
Is 12677412039 a composite number?
True
Is 169671141687 composite?
True
Is 6362554243 a composite number?
True
Is 44423755511 a composite number?
False
Is 726564803 composite?
True
Is 3346641201 prime?
False
Is 18797932603 composite?
False
Is 709289683 a prime number?
False
Is 30085023391 a composite number?
True
Is 34256775481 a composite number?
True
Is 5659223033 composite?
True
Is 661761599 a prime number?
True
Is 82376200238 a composite number?
True
Is 124464570851 a prime number?
True
Is 92199575261 a prime number?
False
Is 2547036091 composite?
True
Is 3429547153 composite?
True
Is 67384089581 composite?
False
Is 40384032197 prime?
True
Is 42609116287 composite?
True
Is 6802237927 prime?
True
Is 33675785123 a prime number?
True
Is 728396299 a prime number?
True
Is 9975837979 a prime number?
False
Is 589100891 prime?
False
Is 64975328377 prime?
True
Is 30198117811 a composite number?
False
Is 66412313047 composite?
False
Is 1390438501 prime?
True
Is 5301836105 a prime number?
False
Is 83300279 a composite number?
False
Is 14083386217 a composite number?
False
Is 6281327827 prime?
False
Is 13207457677 a prime number?
False
Is 9022793041 a composite number?
True
Is 99249276979 a prime number?
False
Is 1898609653 composite?
False
Is 5398070371 prime?
False
Is 25079057519 prime?
True
Is 2568272969 composite?
True
Is 5069608769 prime?
True
Is 330733103 composite?
True
Is 114239227423 composite?
True
Is 3807719467 a composite number?
False
Is 430102565 a composite number?
True
Is 9183365137 a composite number?
False
Is 55142981797 prime?
False
Is 25637900017 prime?
False
Is 206953200127 prime?
True
Is 15954708071 a composite number?
False
Is 3212130489 composite?
True
Is 597748201 a prime number?
True
Is 100175068907 a prime number?
True
Is 875397791 prime?
True
Is 141634223 composite?
True
Is 31507303 a prime number?
False
Is 1401589129 a composite number?
False
Is 34864555993 composite?
True
Is 552487153 prime?
False
Is 15966283 a prime number?
True
Is 2522012081 a composite number?
False
Is 3898719601 prime?
False
Is 121557998147 composite?
False
Is 3992583767 a prime number?
True
Is 225727891 prime?
False
Is 425124853 prime?
True
Is 80626886273 composite?
False
Is 95162093167 a prime number?
True
Is 2833089509 a composite number?
True
Is 240065263 composite?
False
Is 7914460811 a composite number?
True
Is 236935644513 a prime number?
False
Is 10085481101 a composite number?
False
Is 9916153153 composite?
True
Is 4942482761 composite?
False
Is 41234010353 composite?
False
Is 5022360103 composite?
False
Is 20227909551 a prime number?
False
Is 472195973 a composite number?
False
Is 130904174983 composite?
False
Is 1971496687 a prime number?
False
Is 533034199 a composite number?
False
Is 28660704253 a composite number?
False
Is 141748284386 a prime number?
False
Is 8592175259 prime?
True
Is 70352144197 prime?
False
Is 2419395019 a composite number?
True
Is 183534466 a prime number?
False
Is 402842999903 a composite number?
False
Is 12401354023 prime?
False
Is 19245370979 prime?
False
Is 546511781 prime?
True
Is 12246652199 a composite number?
False
Is 703153531 prime?
True
Is 337104473 prime?
False
Is 522936493 composite?
False
Is 226918403 prime?
True
Is 7076317 composite?
False
Is 57670847 a prime number?
False
Is 8